{"id":89,"date":"2015-06-21T17:40:52","date_gmt":"2015-06-21T15:40:52","guid":{"rendered":"http:\/\/91.121.141.48\/usa\/?page_id=89"},"modified":"2015-07-25T18:26:38","modified_gmt":"2015-07-25T16:26:38","slug":"exemple-2","status":"publish","type":"page","link":"https:\/\/usa.bjorge.xyz\/index.php\/exemple-2\/","title":{"rendered":"Carte du voyage"},"content":{"rendered":"<p>&nbsp;<\/p>\n<h3>Quelques infos et conseils :<\/h3>\n<p>&#8211; <span style=\"text-decoration: underline;\"><strong>commentaires<\/strong><\/span>\u00a0&gt;&gt; votre premier petit mot doit \u00eatre <strong>accept\u00e9<\/strong> par nous pour pouvoir appara\u00eetre en ligne (ce que nous nous empresserons de faire, il va de soi). A partir de cette validation, vos identifiants seront m\u00e9moris\u00e9s et tout autre commentaire d\u00e9pos\u00e9 par vous sera publi\u00e9 en temps r\u00e9el.<\/p>\n<p>&#8211;\u00a0 <span style=\"text-decoration: underline;\"><strong>multim\u00e9dia<\/strong><\/span>\u00a0&gt;&gt; nous vous laisserons quelques petits \u00ab\u00a0coucous\u00a0\u00bb \u00a0<strong>vid\u00e9o<\/strong>.<br \/>\nSur la m\u00eame page, vous pouvez aussi \u00e9couter des <strong>radios US<\/strong> comme celles qui rythment notre p\u00e9riple. D\u00e8s que vous aurez fait votre choix, une pop-up\u00a0s&rsquo;ouvrira et vous permettra de continuer de visiter le site en\u00a0 musique si vous la laissez ouverte (pendant que vous surfez sur l&rsquo;onglet d&rsquo;origine)<\/p>\n<p>&#8211; <span style=\"text-decoration: underline;\"><strong>newsletter<\/strong><\/span>\u00a0&gt;&gt; n&rsquo;h\u00e9sitez pas \u00e0 vous inscrire \u00e0 la newsletter sur la homepage, cela vous permettre d&rsquo;\u00eatre inform\u00e9 par mail \u00e0 chaque nouvelle parution d&rsquo;article.<br \/>\nEn cas de non r\u00e9ception, <strong>pensez bien \u00e0 aller regarder dans vos spams pour autoriser nos envois<\/strong> (ils peuvent \u00eatre identifi\u00e9s sous l\u2019\u00e9metteur \u00ab\u00a0WordPress\u00a0\u00bb).<\/p>\n<p>&nbsp;<\/p>\n<p><span style=\"color: #ff0000;\"><strong>Et maintenant&#8230; EN ROUTE !<\/strong><\/span><\/p>\n<p>(cliquez la carte pour l&rsquo;agrandir)<\/p>\n<figure id=\"attachment_293\" aria-describedby=\"caption-attachment-293\" style=\"width: 1478px\" class=\"wp-caption alignnone\"><a href=\"http:\/\/91.121.141.48\/usa\/wp-content\/uploads\/2015\/07\/Carte-USA.jpg\"><img loading=\"lazy\" decoding=\"async\" class=\"wp-image-293 size-full\" src=\"http:\/\/91.121.141.48\/usa\/wp-content\/uploads\/2015\/07\/Carte-USA.jpg\" alt=\"Carte USA\" width=\"1478\" height=\"914\" srcset=\"https:\/\/usa.bjorge.xyz\/wp-content\/uploads\/2015\/07\/Carte-USA.jpg 1478w, https:\/\/usa.bjorge.xyz\/wp-content\/uploads\/2015\/07\/Carte-USA-300x186.jpg 300w, https:\/\/usa.bjorge.xyz\/wp-content\/uploads\/2015\/07\/Carte-USA-1024x633.jpg 1024w\" sizes=\"auto, (max-width: 1478px) 100vw, 1478px\" \/><\/a><figcaption id=\"caption-attachment-293\" class=\"wp-caption-text\">De Los-Angeles \u00e0 San-Francisco : 2.900 km \u00e0 travers l&rsquo;Ouest Am\u00e9ricain<\/figcaption><\/figure>\n","protected":false},"excerpt":{"rendered":"<p>&nbsp; Quelques infos et conseils : &#8211; commentaires\u00a0&gt;&gt; votre premier petit mot doit \u00eatre accept\u00e9 par nous pour pouvoir appara\u00eetre en ligne (ce que nous nous empresserons de faire, il va de soi). A partir de cette validation, vos identifiants seront m\u00e9moris\u00e9s et tout autre commentaire d\u00e9pos\u00e9 par vous sera publi\u00e9 en temps r\u00e9el. &#8211;\u00a0&#8230;<\/p>\n","protected":false},"author":1,"featured_media":0,"parent":0,"menu_order":0,"comment_status":"closed","ping_status":"open","template":"","meta":{"footnotes":""},"class_list":["post-89","page","type-page","status-publish","hentry"],"_links":{"self":[{"href":"https:\/\/usa.bjorge.xyz\/index.php\/wp-json\/wp\/v2\/pages\/89","targetHints":{"allow":["GET"]}}],"collection":[{"href":"https:\/\/usa.bjorge.xyz\/index.php\/wp-json\/wp\/v2\/pages"}],"about":[{"href":"https:\/\/usa.bjorge.xyz\/index.php\/wp-json\/wp\/v2\/types\/page"}],"author":[{"embeddable":true,"href":"https:\/\/usa.bjorge.xyz\/index.php\/wp-json\/wp\/v2\/users\/1"}],"replies":[{"embeddable":true,"href":"https:\/\/usa.bjorge.xyz\/index.php\/wp-json\/wp\/v2\/comments?post=89"}],"version-history":[{"count":22,"href":"https:\/\/usa.bjorge.xyz\/index.php\/wp-json\/wp\/v2\/pages\/89\/revisions"}],"predecessor-version":[{"id":429,"href":"https:\/\/usa.bjorge.xyz\/index.php\/wp-json\/wp\/v2\/pages\/89\/revisions\/429"}],"wp:attachment":[{"href":"https:\/\/usa.bjorge.xyz\/index.php\/wp-json\/wp\/v2\/media?parent=89"}],"curies":[{"name":"wp","href":"https:\/\/api.w.org\/{rel}","templated":true}]}}